{"id":1352,"date":"2020-07-05T09:08:51","date_gmt":"2020-07-05T09:08:51","guid":{"rendered":"https:\/\/masperreal.wpengine.com\/?page_id=1352"},"modified":"2020-07-05T10:24:00","modified_gmt":"2020-07-05T10:24:00","slug":"arriver-chez-nous","status":"publish","type":"page","link":"https:\/\/masperreal.com\/index.php\/arriver-chez-nous\/","title":{"rendered":"Arriver Chez Nous"},"content":{"rendered":"\t\t<div data-elementor-type=\"wp-page\" data-elementor-id=\"1352\" class=\"elementor elementor-1352\" data-elementor-settings=\"[]\">\n\t\t\t\t\t\t<div class=\"elementor-inner\">\n\t\t\t\t\t\t\t<div class=\"elementor-section-wrap\">\n\t\t\t\t\t\t\t<section class=\"elementor-section elementor-top-section elementor-element elementor-element-476f25f7 elementor-section-stretched elementor-section-boxed elementor-section-height-default elementor-section-height-default\" data-id=\"476f25f7\" data-element_type=\"section\" data-settings=\"{&quot;stretch_section&quot;:&quot;section-stretched&quot;}\">\n\t\t\t\t\t\t<div class=\"elementor-container elementor-column-gap-default\">\n\t\t\t\t\t\t\t<div class=\"elementor-row\">\n\t\t\t\t\t<div class=\"elementor-column elementor-col-100 elementor-top-column elementor-element elementor-element-5fb7685a\" data-id=\"5fb7685a\" data-element_type=\"column\">\n\t\t\t<div class=\"elementor-column-wrap elementor-element-populated\">\n\t\t\t\t\t\t\t<div class=\"elementor-widget-wrap\">\n\t\t\t\t\t\t<div class=\"elementor-element elementor-element-12727bec elementor-widget elementor-widget-heading\" data-id=\"12727bec\" data-element_type=\"widget\" data-widget_type=\"heading.default\">\n\t\t\t\t<div class=\"elementor-widget-container\">\n\t\t\t<h1 class=\"elementor-heading-title elementor-size-xxl\">Comment arriver chez nous:<\/h1>\t\t<\/div>\n\t\t\t\t<\/div>\n\t\t\t\t\t\t<\/div>\n\t\t\t\t\t<\/div>\n\t\t<\/div>\n\t\t\t\t\t\t\t\t<\/div>\n\t\t\t\t\t<\/div>\n\t\t<\/section>\n\t\t\t\t<section class=\"elementor-section elementor-top-section elementor-element elementor-element-351c40b2 elementor-section-stretched elementor-section-boxed elementor-section-height-default elementor-section-height-default\" data-id=\"351c40b2\" data-element_type=\"section\" data-settings=\"{&quot;stretch_section&quot;:&quot;section-stretched&quot;}\">\n\t\t\t\t\t\t<div class=\"elementor-container elementor-column-gap-default\">\n\t\t\t\t\t\t\t<div class=\"elementor-row\">\n\t\t\t\t\t<div class=\"elementor-column elementor-col-33 elementor-top-column elementor-element elementor-element-17f58218\" data-id=\"17f58218\" data-element_type=\"column\">\n\t\t\t<div class=\"elementor-column-wrap elementor-element-populated\">\n\t\t\t\t\t\t\t<div class=\"elementor-widget-wrap\">\n\t\t\t\t\t\t<div class=\"elementor-element elementor-element-7402c29d elementor-widget elementor-widget-image\" data-id=\"7402c29d\" data-element_type=\"widget\" data-widget_type=\"image.default\">\n\t\t\t\t<div class=\"elementor-widget-container\">\n\t\t\t\t\t\t\t\t<div class=\"elementor-image\">\n\t\t\t\t\t\t\t\t\t<figure class=\"wp-caption\">\n\t\t\t\t\t\t\t\t\t\t<img loading=\"lazy\" decoding=\"async\" width=\"435\" height=\"324\" src=\"https:\/\/masperreal.com\/wp-content\/uploads\/2020\/06\/newmap-435x324-1.jpg\" class=\"attachment-large size-large\" alt=\"\" srcset=\"https:\/\/masperreal.com\/wp-content\/uploads\/2020\/06\/newmap-435x324-1.jpg 435w, https:\/\/masperreal.com\/wp-content\/uploads\/2020\/06\/newmap-435x324-1-300x223.jpg 300w\" sizes=\"auto, (max-width: 435px) 100vw, 435px\" \/>\t\t\t\t\t\t\t\t\t\t\t<figcaption class=\"widget-image-caption wp-caption-text\"><\/figcaption>\n\t\t\t\t\t\t\t\t\t\t<\/figure>\n\t\t\t\t\t\t\t\t<\/div>\n\t\t\t\t\t\t<\/div>\n\t\t\t\t<\/div>\n\t\t\t\t<div class=\"elementor-element elementor-element-53958ce7 elementor-widget elementor-widget-heading\" data-id=\"53958ce7\" data-element_type=\"widget\" data-widget_type=\"heading.default\">\n\t\t\t\t<div class=\"elementor-widget-container\">\n\t\t\t<h2 class=\"elementor-heading-title elementor-size-default\">GPS Co-ordinates:  N43 degrees, 56 ' 2\"  -  E 5 degrees 22' 8\"<\/h2>\t\t<\/div>\n\t\t\t\t<\/div>\n\t\t\t\t<div class=\"elementor-element elementor-element-5bc222d7 elementor-widget elementor-widget-text-editor\" data-id=\"5bc222d7\" data-element_type=\"widget\" data-widget_type=\"text-editor.default\">\n\t\t\t\t<div class=\"elementor-widget-container\">\n\t\t\t\t\t\t\t\t<div class=\"elementor-text-editor elementor-clearfix\">\n\t\t\t\t\t<p>Vous pouvez chercher le Mas directement sur Google Maps, mais il faut faire attention : Google pense qu&#8217;il y a une route qui passe juste \u00e0 c\u00f4t\u00e9 de la maison mais en fait, la route au sud de la maison est notre chemin alors que celle au nord n&#8217;est pas praticable en voiture. C&#8217;est pour les tracteurs !<\/p><p>\u00a0<\/p><p>Si Google vous fait passer par le nord de la maison, forcez-le \u00e0 passer par le sud (Chemin de Saint-Pierre).<\/p>\t\t\t\t\t<\/div>\n\t\t\t\t\t\t<\/div>\n\t\t\t\t<\/div>\n\t\t\t\t\t\t<\/div>\n\t\t\t\t\t<\/div>\n\t\t<\/div>\n\t\t\t\t<div class=\"elementor-column elementor-col-66 elementor-top-column elementor-element elementor-element-7774a48a\" data-id=\"7774a48a\" data-element_type=\"column\">\n\t\t\t<div class=\"elementor-column-wrap elementor-element-populated\">\n\t\t\t\t\t\t\t<div class=\"elementor-widget-wrap\">\n\t\t\t\t\t\t<div class=\"elementor-element elementor-element-5cf2b5d0 elementor-widget elementor-widget-heading\" data-id=\"5cf2b5d0\" data-element_type=\"widget\" data-widget_type=\"heading.default\">\n\t\t\t\t<div class=\"elementor-widget-container\">\n\t\t\t<h4 class=\"elementor-heading-title elementor-size-default\">Plan D'Acc\u00e8s<\/h4>\t\t<\/div>\n\t\t\t\t<\/div>\n\t\t\t\t<div class=\"elementor-element elementor-element-5ad62cdd elementor-widget elementor-widget-text-editor\" data-id=\"5ad62cdd\" data-element_type=\"widget\" data-widget_type=\"text-editor.default\">\n\t\t\t\t<div class=\"elementor-widget-container\">\n\t\t\t\t\t\t\t\t<div class=\"elementor-text-editor elementor-clearfix\">\n\t\t\t\t\t<p><span class=\"text\"><b>A partir d&#8217;Apt = <\/b>prenez la D943 \u00e0 l&#8217;ouest d&#8217;Apt et dirigez-vous vers le nord pendant 5,7 km.\u00a0 Quand vous verrez une aire de pique-nique sur votre doite et sur votre gauche un moulin d&#8217;huile d&#8217;olive, vous tournerez \u00e0 gauche sur la route qui longe le moulin (il y a un panneau qui indique entre autres &#8220;Perr\u00e9al&#8221;). \u00a0Continuez tout droit pendant 1,2km. Notre Mas sera \u00e0 votre droite:\u00a0 une all\u00e9e blanche coup\u00e9 par un portail en bois vous m\u00e8nera au parking situ\u00e9 \u00e0 l&#8217;arri\u00e8re du Mas.<br \/><br \/><b>A partir d&#8217;Avignon = <\/b>prenez soit la D900 d&#8217;Avignon Nord direction Apt, ou la D22 d&#8217;Avignon Sud qui vous m\u00e8nera sur la D900 et ensuite \u00e0 Apt. \u00a0Arriv\u00e9 \u00e0 Apt, suivez les instructions ci-dessus. \u00a0Comptez environ une heure de voiture \u00e0 partir du centre-ville d&#8217;Avignon.<br \/><br \/><b>A partir d&#8217;Aix = <\/b>vous avez deux possibilit\u00e9s. 1) L&#8217;autoroute A7 Nord. \u00a0Vous sortez \u00e0 Cavaillon et prenez ensuite la D2 direction Apt jusqu&#8217;\u00e0 Coustellet, o\u00f9 vous prendrez la D900 direction Apt. \u00a0Arriv\u00e9 \u00e0 Apt, suivez les instructions donn\u00e9es ci-dessus. \u00a02) Les jolies routes de campagnes qui passent par Rognes, Cadenet, Lourmarin et enfin Apt. \u00a0Comptez une heure de voiture par les jolies routes et un peu plus par l&#8217;autoroute.<\/span><\/p>\t\t\t\t\t<\/div>\n\t\t\t\t\t\t<\/div>\n\t\t\t\t<\/div>\n\t\t\t\t\t\t<\/div>\n\t\t\t\t\t<\/div>\n\t\t<\/div>\n\t\t\t\t\t\t\t\t<\/div>\n\t\t\t\t\t<\/div>\n\t\t<\/section>\n\t\t\t\t\t\t<\/div>\n\t\t\t\t\t\t<\/div>\n\t\t\t\t\t<\/div>\n\t\t","protected":false},"excerpt":{"rendered":"<p>Comment arriver chez nous: GPS Co-ordinates: N43 degrees, 56 &#8216; 2&#8243; &#8211; E 5 degrees 22&#8217; 8&#8243; Vous pouvez chercher le Mas directement sur Google Maps, mais il faut faire attention : Google pense qu&#8217;il y a une route qui passe juste \u00e0 c\u00f4t\u00e9 de la maison mais en fait, la route au sud de <a href=\"https:\/\/masperreal.com\/index.php\/arriver-chez-nous\/\" class=\"more-link\">&#8230;<\/a><\/p>\n","protected":false},"author":1,"featured_media":0,"parent":0,"menu_order":0,"comment_status":"closed","ping_status":"closed","template":"","meta":{"footnotes":""},"class_list":["post-1352","page","type-page","status-publish","hentry"],"_links":{"self":[{"href":"https:\/\/masperreal.com\/index.php\/wp-json\/wp\/v2\/pages\/1352","targetHints":{"allow":["GET"]}}],"collection":[{"href":"https:\/\/masperreal.com\/index.php\/wp-json\/wp\/v2\/pages"}],"about":[{"href":"https:\/\/masperreal.com\/index.php\/wp-json\/wp\/v2\/types\/page"}],"author":[{"embeddable":true,"href":"https:\/\/masperreal.com\/index.php\/wp-json\/wp\/v2\/users\/1"}],"replies":[{"embeddable":true,"href":"https:\/\/masperreal.com\/index.php\/wp-json\/wp\/v2\/comments?post=1352"}],"version-history":[{"count":0,"href":"https:\/\/masperreal.com\/index.php\/wp-json\/wp\/v2\/pages\/1352\/revisions"}],"wp:attachment":[{"href":"https:\/\/masperreal.com\/index.php\/wp-json\/wp\/v2\/media?parent=1352"}],"curies":[{"name":"wp","href":"https:\/\/api.w.org\/{rel}","templated":true}]}}